 ((-8)/(-6))/(4/i). What is the tens digit of (h/55)/(2/(-40))?
3
Suppose 0*u - u + 3 = 0. What is the tens digit of (396/27)/(1/u)?
4
Let s be (-3)/((-20)/8 + 2). Let q(p) = -3*p**2 - s*p**2 - 9 - 6*p + p**3 + p**2. What is the tens digit of q(9)?
1
Suppose 0*f = 4*f - 2*o - 1318, -5*f - 5*o = -1655. What is the units digit of f?
0
Let t(n) = 6 - 5*n + 5 + 3*n + 10. What is the units digit of t(10)?
1
Let s(i) = i**3 - 2*i**2 + 4*i + 36. What is the tens digit of s(9)?
3
Let a(p) be the second derivative of p**3/3 + 2*p**2 + 2*p. Let j be a(-3). What is the units digit of j/(-7) - (-25)/35?
1
Suppose 2*t = 2, 5*i - 7*t + 6*t + 16 = 0. Let z be (-9 + 1)/(4/6). What is the units digit of z/(-12) - (i + 1)?
3
Let r = 10 - 21. Let n = 44 - r. What is the units digit of n?
5
Let z be (4 + -6)*-3*-5. Let u = z - -106. What is the tens digit of u?
7
Suppose -3*v + m = -14956, -3*v + 8314 = -2*m - 6640. What is the units digit of v?
6
Suppose -21*q + 10174 = -3770. What is the hundreds digit of q?
6
Let y(i) = 5*i + 15. Let f be y(-3). Suppose f*z + 180 = 3*z. What is the tens digit of z?
6
Let w be ((-12)/14)/(2*1/(-14)). What is the units digit of (-2 + 1 - w)/((-12)/120)?
0
Let x = 30 - 29. Let c be 16*2 - (5 - x). What is the units digit of (-693)/c*24/(-9)?
6
Suppose -4*w = -w. Suppose w*a - 3*a + 150 = 0. What is the tens digit of a?
5
Let v(d) = -d**2 + 6*d - 5. Let u be v(4). Let w = 4 + u. Suppose -3*y - y - 4*z = -20, -2*y - z = -w. What is the units digit of y?
2
Let f(j) = j**2 + 4*j + 7. Let x be f(-2). Let m(o) = 6*o**3 - o**2 + 4*o - 7. What is the units digit of m(x)?
8
Suppose -477*d + 488*d = 25586. What is the thousands digit of d?
2
Suppose -24*k + 26*k + 5*x = 978, k = 2*x + 498. What is the units digit of k?
4
Suppose -11*b + 5299 = -4*b. What is the hundreds digit of b?
7
What is the units digit of (-429)/(-26)*(-64)/(-6)?
6
Let g be 1/2 + 12/8 + 41. Let p = g + 88. What is the units digit of p?
1
Let f(l) = -l**3 - 4*l**2 - 3*l - 2. Let o be f(-3). Let j be -40*(0 - (-4)/(-10)). Let x = j + o. What is the tens digit of x?
1
Let j be ((-7)/(-4))/((-4)/16). Let c = -11 + 21. Let p = c + j. What is the units digit of p?
3
Let f(a) be the first derivative of a**4/4 + 16*a**3/3 - 3*a**2/2 + 2*a + 1. Suppose 72*l - 28*l + 704 = 0. What is the tens digit of f(l)?
5
Suppose -3*b + 4*s = -66, -5*s = b + b - 44. Let c = 28 - b. Suppose 15 = 3*l - c. What is the units digit of l?
7
Let c(d) = -98*d + 3*d**2 + 64*d + 45*d - 19. What is the hundreds digit of c(6)?
1
Let m(q) be the third derivative of q**4/8 + 5*q**3/2 + 4*q**2. Let c be m(-10). Let v = -1 - c. What is the tens digit of v?
1
Suppose 13*u = -39*u + 118248. What is the thousands digit of u?
2
Let z(t) = -t**3 - 10*t**2 - 10*t + 3. Let w be z(-9). Let v = w + -3. Let x = v - -5. What is the units digit of x?
4
Let x = -1345 + 3125. What is the tens digit of x?
8
Suppose 40*c = 25*c + 21825. What is the tens digit of c?
5
Suppose -3*c + 35 = 5*t, 0 = -4*t + 6*t + c - 15. Suppose 9*j = 4*j + t. Let n = 13 + j. What is the tens digit of n?
1
Let c = 10 - 6. Suppose 0 = r - c*l, 5*l = -5*r + 19 + 6. Suppose w - 100 = -r*w. What is the units digit of w?
0
Suppose 39*u = 26*u + 5928. What is the hundreds digit of u?
4
Suppose -6*x + 855 = -x. Let m be x/15 + (-6)/15. Let p(u) = u**2 - 9*u + 6. What is the tens digit of p(m)?
2
Suppose x = 4*k + 38, -2*x - 3*k + 100 = -5*k. Suppose t = -2*t + x. Suppose -3*z = -5*p + t, 2*p - 1 = -4*z + 1. What is the units digit of p?
3
Let v(m) = m + 23. Let a(q) = 1. Let d(c) = -a(c) + v(c). Let z be d(-18). What is the tens digit of (-1)/z + (-2152)/(-32)?
6
What is the tens digit of ((-332)/3)/4*(-5 - 22)?
4
Suppose 9*t = 14*t - 660. Let z = -14 + t. What is the hundreds digit of z?
1
Suppose -3*l - 2374 = -m, -17*l + 18*l - 4783 = -2*m. What is the units digit of m?
9
Let d(y) = -4*y**2 + 205*y - 89. What is the tens digit of d(44)?
8
Let x = -66 - -163. What is the tens digit of x?
9
Let j(g) = 482*g + 11. What is the tens digit of j(1)?
9
Let r = 5 - -9. Let h = r + 45. What is the units digit of 2/((-4)/h)*-2?
9
Let n = -65 - -30. Let a = 21 - 39. Let f = a - n. What is the units digit of f?
7
Let d = -40 - -26. Let n be ((-4)/d)/((-15)/(-105)). Suppose 63 = t - 3*b - 2*b, -n*t + 100 = 3*b. What is the units digit of t?
3
Let u be (2 - 5/3)*(3 + 6). What is the units digit of (4/(-4) + 4)*u?
9
Suppose 78*w - 40*w = 27968. What is the hundreds digit of w?
7
Let u(w) = 2*w**2 - 2*w + 1. Suppose -2*f = -6*f - 192. Let k be ((-1)/(-2))/(12/f). What is the units digit of u(k)?
3
Suppose -4*p - 3*b - 4 = -1, p - 5*b - 5 = 0. Let f = p + 13. What is the units digit of f?
3
Suppose -l + 15 = -6*l, 5*r + 3*l - 8171 = 0. What is the hundreds digit of r?
6
Let w be 0 + 9 + -2 + 0. Suppose b = -2*q + 16 + w, 2*q - 3*b = 43. Let n = 21 - q. What is the units digit of n?
7
Let i(j) = -145*j - 15. What is the thousands digit of i(-24)?
3
Let k(r) = 4*r + 1. Let p = 13 + -11. Suppose p - 10 = -2*w. What is the tens digit of k(w)?
1
Let s(t) = -279*t + 20. Let j be s(3). Let q = -574 - j. What is the units digit of q?
3
Let r(g) = -3*g**2 - 11*g + 6. Let l(y) = -4*y**2 - 10*y + 5. Let h(v) = -2*l(v) + 3*r(v). What is the units digit of h(-8)?
8
Let m be 5/5 + 2/1. Suppose -m*t = -4*t + 3*c + 15, -2*t + 34 = -2*c. What is the tens digit of (-2772)/(-81) - 4/t?
3
Let c = -77 - -77. Suppose 5*s + 28 - 793 = c. What is the hundreds digit of s?
1
Suppose 2 = -4*d - p - 3, 2*d + 3*p = 5. What is the units digit of ((-2)/4)/(d/68)?
7
Let i(h) = h**3 + 3*h**2 - 2*h - 3. Let b be i(-2). What is the hundreds digit of (2486/55)/(-1 - (-7)/b)?
1
Let c(n) = -n + 1. Let g(m) = m**2 - 3*m - 10. Let h(j) = -2*j + 9. Let p be h(5). Let r(s) = p*g(s) + 4*c(s). What is the units digit of r(0)?
4
Suppose 0 = 15*z - 19*z + 16. Suppose 0*q + 4*q = -3*x + 148, z*q + 5*x = 140. What is the units digit of q?
0
Suppose g = 5*g - 5*z + 84, 24 = -2*g - 2*z. Let l = g - -22. What is the units digit of 2/((-4)/(-204)*l)?
7
Let q(i) = -7*i**3 + 2*i**2 - 5*i - 3. What is the units digit of q(-4)?
7
Suppose 9 + 51 = -3*q. Suppose 4*l = l - 15. Let y = l - q. What is the units digit of y?
5
Suppose -2*v + 2 = -14. Let w(j) = 4 - 24 - 6*j - 3 - v. What is the tens digit of w(-13)?
4
Let w(x) = 6*x - 1. Let f be w(1). Suppose -g + 2*g - 3*u = 47, 213 = f*g - 4*u. Suppose 4*a = -g + 265. What is the units digit of a?
6
Suppose 0 = 169*i - 163*i - 1536. Suppose 13*j - 724 = -i. What is the tens digit of j?
3
Let j(n) = 8*n**2 - 11*n + 80. What is the hundreds digit of j(8)?
5
Let y(v) = 23 + 11 + 2*v - 26 - 3*v. What is the units digit of y(-9)?
7
Let k = 139 - 63. Let p = k + -30. What is the units digit of p?
6
Suppose 6*t + 3*t = 36. Suppose t*i + 226 = 2*g, -5*i - 285 + 64 = -2*g. What is the units digit of g?
3
Let y(t) = 2*t**3 + t**2 - 12*t - 46. What is the tens digit of y(8)?
4
Let p be (-1)/(-3) - 7994/(-21). Suppose -5*y - 202 - 1 = -2*n, 4*n - 5*y - p = 0. Let w = n + -52. What is the units digit of w?
7
Suppose 290 = 8*d - 3*d. Let g = -2 + d. What is the tens digit of g?
5
Let c(m) = m**2 - 4. Let j be c(2). Suppose 2*w + w - 141 = j. What is the units digit of w?
7
Suppose 3*l - 2200 = -2*b + 1385, 4*b = -4*l + 4776. Let y be l/18 - (-1)/(-2). Suppose -2*d - y = -5*d. What is the units digit of d?
2
Suppose 13 = 3*x - 89. What is the units digit of x?
4
Suppose -5*p + 6 = 2*j - 2, 4*p - 4 = -j. Suppose -j*c + 6*y + 203 = 3*y, -3*c - y = -162. What is the units digit of c?
3
Let o be 3 - (-12)/(-3) - -19. Suppose o + 188 = 2*j. What is the units digit of j?
3
Let h = 4 + 10. Suppose -4*u + 6 = h. What is the tens digit of (-2)/(u/(-5))*-5?
2
Let g(h) = 2*h + 8. Let u be g(4). Let c = -20 + u. Let p(a) = -7*a + 8. What is the units digit of p(c)?
6
Suppose -22*s = 17*s - 64038. What is the tens digit of s?
4
Suppose 3235 - 8504 = -11*l. What is the units digit of l?
9
Suppose r - 92 = 205. Suppose 2*i - 5*v + 113 = 4*i, 2*v + r = 5*i. Suppose -81 = -5*u + i. What is the tens digit of u?
2
Let s(n) = 13*n**2 - 5*n + 2. Let l be s(-5). Suppose 5 + 5 = 5*t, 0 = -2*g - t + l. What is the hundreds digit of g?
1
Suppose 893 = -6*r + 2255. Let k = r - 102. What is the hundreds digit 